{"version":"1.0","provider_name":"nakan.ch","provider_url":"https:\/\/www.nakan.ch\/wp","author_name":"greg (nakan)","author_url":"https:\/\/www.nakan.ch\/wp\/author\/nakan\/","title":"Cyclocross d'Aigle 2015, manche de l'Omnium romand","type":"rich","width":600,"height":338,"html":"<blockquote class=\"wp-embedded-content\" data-secret=\"lwkJV8nO9m\"><a href=\"https:\/\/www.nakan.ch\/wp\/2015\/10\/31\/cyclocross-daigle-2015-manche-de-lomnium-romand\/\">Cyclocross d&rsquo;Aigle 2015, manche de l&rsquo;Omnium romand<\/a><\/blockquote><iframe sandbox=\"allow-scripts\" security=\"restricted\" src=\"https:\/\/www.nakan.ch\/wp\/2015\/10\/31\/cyclocross-daigle-2015-manche-de-lomnium-romand\/embed\/#?secret=lwkJV8nO9m\" width=\"600\" height=\"338\" title=\"\u00ab\u00a0Cyclocross d&rsquo;Aigle 2015, manche de l&rsquo;Omnium romand\u00a0\u00bb &#8212; nakan.ch\" data-secret=\"lwkJV8nO9m\" frameborder=\"0\" marginwidth=\"0\" marginheight=\"0\" scrolling=\"no\" class=\"wp-embedded-content\"><\/iframe><script type=\"text\/javascript\">\n\/* <![CDATA[ *\/\n\/*! This file is auto-generated *\/\n!function(d,l){\"use strict\";l.querySelector&&d.addEventListener&&\"undefined\"!=typeof URL&&(d.wp=d.wp||{},d.wp.receiveEmbedMessage||(d.wp.receiveEmbedMessage=function(e){var t=e.data;if((t||t.secret||t.message||t.value)&&!\/[^a-zA-Z0-9]\/.test(t.secret)){for(var s,r,n,a=l.querySelectorAll('iframe[data-secret=\"'+t.secret+'\"]'),o=l.querySelectorAll('blockquote[data-secret=\"'+t.secret+'\"]'),c=new RegExp(\"^https?:$\",\"i\"),i=0;i<o.length;i++)o[i].style.display=\"none\";for(i=0;i<a.length;i++)s=a[i],e.source===s.contentWindow&&(s.removeAttribute(\"style\"),\"height\"===t.message?(1e3<(r=parseInt(t.value,10))?r=1e3:~~r<200&&(r=200),s.height=r):\"link\"===t.message&&(r=new URL(s.getAttribute(\"src\")),n=new URL(t.value),c.test(n.protocol))&&n.host===r.host&&l.activeElement===s&&(d.top.location.href=t.value))}},d.addEventListener(\"message\",d.wp.receiveEmbedMessage,!1),l.addEventListener(\"DOMContentLoaded\",function(){for(var e,t,s=l.querySelectorAll(\"iframe.wp-embedded-content\"),r=0;r<s.length;r++)(t=(e=s[r]).getAttribute(\"data-secret\"))||(t=Math.random().toString(36).substring(2,12),e.src+=\"#?secret=\"+t,e.setAttribute(\"data-secret\",t)),e.contentWindow.postMessage({message:\"ready\",secret:t},\"*\")},!1)))}(window,document);\n\/\/# sourceURL=https:\/\/www.nakan.ch\/wp\/wp-includes\/js\/wp-embed.min.js\n\/* ]]> *\/\n<\/script>\n","thumbnail_url":"https:\/\/www.nakan.ch\/wp\/wp-content\/uploads\/2015\/10\/cyclocross_aigle_2015_thumb.jpg","thumbnail_width":"780","thumbnail_height":"591","description":"Il y a deux ans, j&rsquo;ai achet\u00e9 un v\u00e9lo de cyclocross. En gros, c&rsquo;est comme un v\u00e9lo de route, mais avec des passages de roues un peu plus larges, des freins diff\u00e9rents (\u00e0 disques sur le mien) et surtout des pneus (ou boyaux) adapt\u00e9s au terrain dans lequel on \u00e9volue&#8230; Le seul but lors de [&hellip;]"}

Il y a deux ans, j&rsquo;ai acheté un vélo de cyclocross. En gros, c&rsquo;est comme un vélo de route, mais avec des passages de roues un peu plus larges, des freins différents (à disques sur le mien) et surtout des pneus (ou boyaux) adaptés au terrain dans lequel on évolue&#8230; Le seul but lors de [&hellip;]
