{"version":"1.0","provider_name":"nakan.ch","provider_url":"https:\/\/www.nakan.ch\/wp","author_name":"greg (nakan)","author_url":"https:\/\/www.nakan.ch\/wp\/author\/nakan\/","title":"Mettre \u00e0 jour ses Garmin Vector vers les Garmin Vector 2","type":"rich","width":600,"height":338,"html":"<blockquote class=\"wp-embedded-content\" data-secret=\"2ydior9aqV\"><a href=\"https:\/\/www.nakan.ch\/wp\/2016\/09\/02\/mettre-a-jour-garmin-vector-vers-vector-2\/\">Mettre \u00e0 jour ses Garmin Vector vers les Garmin Vector 2<\/a><\/blockquote><iframe sandbox=\"allow-scripts\" security=\"restricted\" src=\"https:\/\/www.nakan.ch\/wp\/2016\/09\/02\/mettre-a-jour-garmin-vector-vers-vector-2\/embed\/#?secret=2ydior9aqV\" width=\"600\" height=\"338\" title=\"\u00ab\u00a0Mettre \u00e0 jour ses Garmin Vector vers les Garmin Vector 2\u00a0\u00bb &#8212; nakan.ch\" data-secret=\"2ydior9aqV\" frameborder=\"0\" marginwidth=\"0\" marginheight=\"0\" scrolling=\"no\" class=\"wp-embedded-content\"><\/iframe><script type=\"text\/javascript\">\n\/* <![CDATA[ *\/\n\/*! This file is auto-generated *\/\n!function(d,l){\"use strict\";l.querySelector&&d.addEventListener&&\"undefined\"!=typeof URL&&(d.wp=d.wp||{},d.wp.receiveEmbedMessage||(d.wp.receiveEmbedMessage=function(e){var t=e.data;if((t||t.secret||t.message||t.value)&&!\/[^a-zA-Z0-9]\/.test(t.secret)){for(var s,r,n,a=l.querySelectorAll('iframe[data-secret=\"'+t.secret+'\"]'),o=l.querySelectorAll('blockquote[data-secret=\"'+t.secret+'\"]'),c=new RegExp(\"^https?:$\",\"i\"),i=0;i<o.length;i++)o[i].style.display=\"none\";for(i=0;i<a.length;i++)s=a[i],e.source===s.contentWindow&&(s.removeAttribute(\"style\"),\"height\"===t.message?(1e3<(r=parseInt(t.value,10))?r=1e3:~~r<200&&(r=200),s.height=r):\"link\"===t.message&&(r=new URL(s.getAttribute(\"src\")),n=new URL(t.value),c.test(n.protocol))&&n.host===r.host&&l.activeElement===s&&(d.top.location.href=t.value))}},d.addEventListener(\"message\",d.wp.receiveEmbedMessage,!1),l.addEventListener(\"DOMContentLoaded\",function(){for(var e,t,s=l.querySelectorAll(\"iframe.wp-embedded-content\"),r=0;r<s.length;r++)(t=(e=s[r]).getAttribute(\"data-secret\"))||(t=Math.random().toString(36).substring(2,12),e.src+=\"#?secret=\"+t,e.setAttribute(\"data-secret\",t)),e.contentWindow.postMessage({message:\"ready\",secret:t},\"*\")},!1)))}(window,document);\n\/\/# sourceURL=https:\/\/www.nakan.ch\/wp\/wp-includes\/js\/wp-embed.min.js\n\/* ]]> *\/\n<\/script>\n","thumbnail_url":"https:\/\/www.nakan.ch\/wp\/wp-content\/uploads\/2016\/09\/vector2_thumb.jpg","thumbnail_width":780,"thumbnail_height":539,"description":"Quelques semaines apr\u00e8s la sortie des Garmin Vector 2, Garmin a mis \u00e0 disposition des clients ayant achet\u00e9 la premi\u00e8re g\u00e9n\u00e9ration de p\u00e9dales un kit de conversion vers la nouvelle g\u00e9n\u00e9ration. En effet, le seul changement entre la premi\u00e8re et la deuxi\u00e8me version des Vector se trouve \u00eatre les modules attach\u00e9s aux p\u00e9dales contenant l&rsquo;\u00e9lectronique, [&hellip;]"}

Mettre à jour ses Garmin Vector vers les Garmin Vector 2

<blockquote class="wp-embedded-content" data-secret="2ydior9aqV"><a href="https://www.nakan.ch/wp/2016/09/02/mettre-a-jour-garmin-vector-vers-vector-2/">Mettre à jour ses Garmin Vector vers les Garmin Vector 2</a></blockquote><iframe sandbox="allow-scripts" security="restricted" src="https://www.nakan.ch/wp/2016/09/02/mettre-a-jour-garmin-vector-vers-vector-2/embed/#?secret=2ydior9aqV" width="600" height="338" title="« Mettre à jour ses Garmin Vector vers les Garmin Vector 2 » &#8212; nakan.ch" data-secret="2ydior9aqV" frameborder="0" marginwidth="0" marginheight="0" scrolling="no" class="wp-embedded-content"></iframe><script type="text/javascript">
/* <![CDATA[ */
/*! This file is auto-generated */
!function(d,l){"use strict";l.querySelector&&d.addEventListener&&"undefined"!=typeof URL&&(d.wp=d.wp||{},d.wp.receiveEmbedMessage||(d.wp.receiveEmbedMessage=function(e){var t=e.data;if((t||t.secret||t.message||t.value)&&!/[^a-zA-Z0-9]/.test(t.secret)){for(var s,r,n,a=l.querySelectorAll('iframe[data-secret="'+t.secret+'"]'),o=l.querySelectorAll('blockquote[data-secret="'+t.secret+'"]'),c=new RegExp("^https?:$","i"),i=0;i<o.length;i++)o[i].style.display="none";for(i=0;i<a.length;i++)s=a[i],e.source===s.contentWindow&&(s.removeAttribute("style"),"height"===t.message?(1e3<(r=parseInt(t.value,10))?r=1e3:~~r<200&&(r=200),s.height=r):"link"===t.message&&(r=new URL(s.getAttribute("src")),n=new URL(t.value),c.test(n.protocol))&&n.host===r.host&&l.activeElement===s&&(d.top.location.href=t.value))}},d.addEventListener("message",d.wp.receiveEmbedMessage,!1),l.addEventListener("DOMContentLoaded",function(){for(var e,t,s=l.querySelectorAll("iframe.wp-embedded-content"),r=0;r<s.length;r++)(t=(e=s[r]).getAttribute("data-secret"))||(t=Math.random().toString(36).substring(2,12),e.src+="#?secret="+t,e.setAttribute("data-secret",t)),e.contentWindow.postMessage({message:"ready",secret:t},"*")},!1)))}(window,document);
//# sourceURL=https://www.nakan.ch/wp/wp-includes/js/wp-embed.min.js
/* ]]> */
</script>

Quelques semaines après la sortie des Garmin Vector 2, Garmin a mis à disposition des clients ayant acheté la première génération de pédales un kit de conversion vers la nouvelle génération. En effet, le seul changement entre la première et la deuxième version des Vector se trouve être les modules attachés aux pédales contenant l&rsquo;électronique, [&hellip;]
