{"version":"1.0","provider_name":"nakan.ch","provider_url":"https:\/\/www.nakan.ch\/wp","author_name":"greg (nakan)","author_url":"https:\/\/www.nakan.ch\/wp\/author\/nakan\/","title":"Suunto annonce la Race 2: tous les d\u00e9tails","type":"rich","width":600,"height":338,"html":"<blockquote class=\"wp-embedded-content\" data-secret=\"lOE1tutNnf\"><a href=\"https:\/\/www.nakan.ch\/wp\/2025\/08\/27\/suunto-annonce-la-race-2-tous-les-details\/\">Suunto annonce la Race 2: tous les d\u00e9tails<\/a><\/blockquote><iframe sandbox=\"allow-scripts\" security=\"restricted\" src=\"https:\/\/www.nakan.ch\/wp\/2025\/08\/27\/suunto-annonce-la-race-2-tous-les-details\/embed\/#?secret=lOE1tutNnf\" width=\"600\" height=\"338\" title=\"\u00ab\u00a0Suunto annonce la Race 2: tous les d\u00e9tails\u00a0\u00bb &#8212; nakan.ch\" data-secret=\"lOE1tutNnf\" frameborder=\"0\" marginwidth=\"0\" marginheight=\"0\" scrolling=\"no\" class=\"wp-embedded-content\"><\/iframe><script type=\"text\/javascript\">\n\/* <![CDATA[ *\/\n\/*! This file is auto-generated *\/\n!function(d,l){\"use strict\";l.querySelector&&d.addEventListener&&\"undefined\"!=typeof URL&&(d.wp=d.wp||{},d.wp.receiveEmbedMessage||(d.wp.receiveEmbedMessage=function(e){var t=e.data;if((t||t.secret||t.message||t.value)&&!\/[^a-zA-Z0-9]\/.test(t.secret)){for(var s,r,n,a=l.querySelectorAll('iframe[data-secret=\"'+t.secret+'\"]'),o=l.querySelectorAll('blockquote[data-secret=\"'+t.secret+'\"]'),c=new RegExp(\"^https?:$\",\"i\"),i=0;i<o.length;i++)o[i].style.display=\"none\";for(i=0;i<a.length;i++)s=a[i],e.source===s.contentWindow&&(s.removeAttribute(\"style\"),\"height\"===t.message?(1e3<(r=parseInt(t.value,10))?r=1e3:~~r<200&&(r=200),s.height=r):\"link\"===t.message&&(r=new URL(s.getAttribute(\"src\")),n=new URL(t.value),c.test(n.protocol))&&n.host===r.host&&l.activeElement===s&&(d.top.location.href=t.value))}},d.addEventListener(\"message\",d.wp.receiveEmbedMessage,!1),l.addEventListener(\"DOMContentLoaded\",function(){for(var e,t,s=l.querySelectorAll(\"iframe.wp-embedded-content\"),r=0;r<s.length;r++)(t=(e=s[r]).getAttribute(\"data-secret\"))||(t=Math.random().toString(36).substring(2,12),e.src+=\"#?secret=\"+t,e.setAttribute(\"data-secret\",t)),e.contentWindow.postMessage({message:\"ready\",secret:t},\"*\")},!1)))}(window,document);\n\/\/# sourceURL=https:\/\/www.nakan.ch\/wp\/wp-includes\/js\/wp-embed.min.js\n\/* ]]> *\/\n<\/script>\n","thumbnail_url":"https:\/\/www.nakan.ch\/wp\/wp-content\/uploads\/2025\/08\/suunto_race2_cover_40de_thumb_web.jpg","thumbnail_width":780,"thumbnail_height":462,"description":"M\u00eame pas deux ans apr\u00e8s la sortie de la Suunto Race, voil\u00e0 la nouvelle Race 2. Deux ans, cela peut para\u00eetre long pour les habitu\u00e9s de Apple ou Garmin, mais pour Suunto, c'est une cadence rapide en regard de l'histoire de la marque. La Suunto 9 Baro et la Suunto 9 Peak, il aura fallu attendre plus de 3 ans. Et si on excepte la Suunto 9 Peak Pro, it\u00e9ration logicielle de la premi\u00e8re, l'attente entre Suunto 9 Peak et la Vertical \u00e9tait \u00e0 nouveau de plus de deux ans. Sans aucun doute, le propri\u00e9taire chinois de Suunto offre un \u00e9lan sans pr\u00e9c\u00e9dent dans les capacit\u00e9s de conception et de production de la marque. Et de l'ext\u00e9rieur, la Race 2 ressemble \u00e9norm\u00e9ment \u00e0 la premi\u00e8re g\u00e9n\u00e9ration, et c'est aussi une nouveaut\u00e9, Suunto ayant souvent \u00e9t\u00e9 disruptif au niveau du look entre ses diff\u00e9rents mod\u00e8les. En attendant le test de fond en comble, qui arrivera probablement un plus tard (je vous explique pourquoi en conclusion de l'article), voici tout ce qu'il faut savoir sur la Suunto Race 2!"}

Suunto annonce la Race 2: tous les détails

<blockquote class="wp-embedded-content" data-secret="lOE1tutNnf"><a href="https://www.nakan.ch/wp/2025/08/27/suunto-annonce-la-race-2-tous-les-details/">Suunto annonce la Race 2: tous les détails</a></blockquote><iframe sandbox="allow-scripts" security="restricted" src="https://www.nakan.ch/wp/2025/08/27/suunto-annonce-la-race-2-tous-les-details/embed/#?secret=lOE1tutNnf" width="600" height="338" title="« Suunto annonce la Race 2: tous les détails » &#8212; nakan.ch" data-secret="lOE1tutNnf" frameborder="0" marginwidth="0" marginheight="0" scrolling="no" class="wp-embedded-content"></iframe><script type="text/javascript">
/* <![CDATA[ */
/*! This file is auto-generated */
!function(d,l){"use strict";l.querySelector&&d.addEventListener&&"undefined"!=typeof URL&&(d.wp=d.wp||{},d.wp.receiveEmbedMessage||(d.wp.receiveEmbedMessage=function(e){var t=e.data;if((t||t.secret||t.message||t.value)&&!/[^a-zA-Z0-9]/.test(t.secret)){for(var s,r,n,a=l.querySelectorAll('iframe[data-secret="'+t.secret+'"]'),o=l.querySelectorAll('blockquote[data-secret="'+t.secret+'"]'),c=new RegExp("^https?:$","i"),i=0;i<o.length;i++)o[i].style.display="none";for(i=0;i<a.length;i++)s=a[i],e.source===s.contentWindow&&(s.removeAttribute("style"),"height"===t.message?(1e3<(r=parseInt(t.value,10))?r=1e3:~~r<200&&(r=200),s.height=r):"link"===t.message&&(r=new URL(s.getAttribute("src")),n=new URL(t.value),c.test(n.protocol))&&n.host===r.host&&l.activeElement===s&&(d.top.location.href=t.value))}},d.addEventListener("message",d.wp.receiveEmbedMessage,!1),l.addEventListener("DOMContentLoaded",function(){for(var e,t,s=l.querySelectorAll("iframe.wp-embedded-content"),r=0;r<s.length;r++)(t=(e=s[r]).getAttribute("data-secret"))||(t=Math.random().toString(36).substring(2,12),e.src+="#?secret="+t,e.setAttribute("data-secret",t)),e.contentWindow.postMessage({message:"ready",secret:t},"*")},!1)))}(window,document);
//# sourceURL=https://www.nakan.ch/wp/wp-includes/js/wp-embed.min.js
/* ]]> */
</script>

Même pas deux ans après la sortie de la Suunto Race, voilà la nouvelle Race 2. Deux ans, cela peut paraître long pour les habitués de Apple ou Garmin, mais pour Suunto, c'est une cadence rapide en regard de l'histoire de la marque. La Suunto 9 Baro et la Suunto 9 Peak, il aura fallu attendre plus de 3 ans. Et si on excepte la Suunto 9 Peak Pro, itération logicielle de la première, l'attente entre Suunto 9 Peak et la Vertical était à nouveau de plus de deux ans. Sans aucun doute, le propriétaire chinois de Suunto offre un élan sans précédent dans les capacités de conception et de production de la marque. Et de l'extérieur, la Race 2 ressemble énormément à la première génération, et c'est aussi une nouveauté, Suunto ayant souvent été disruptif au niveau du look entre ses différents modèles. En attendant le test de fond en comble, qui arrivera probablement un plus tard (je vous explique pourquoi en conclusion de l'article), voici tout ce qu'il faut savoir sur la Suunto Race 2!
