{"version":"1.0","provider_name":"nakan.ch","provider_url":"https:\/\/www.nakan.ch\/wp","author_name":"greg (nakan)","author_url":"https:\/\/www.nakan.ch\/wp\/author\/nakan\/","title":"Polar: La gamme 2026 et les probables nouveaut\u00e9s","type":"rich","width":600,"height":338,"html":"<blockquote class=\"wp-embedded-content\" data-secret=\"Mc4SpEPymP\"><a href=\"https:\/\/www.nakan.ch\/wp\/2026\/03\/12\/polar-la-gamme-2026-et-les-probables-nouveautes\/\">Polar: La gamme 2026 et les probables nouveaut\u00e9s<\/a><\/blockquote><iframe sandbox=\"allow-scripts\" security=\"restricted\" src=\"https:\/\/www.nakan.ch\/wp\/2026\/03\/12\/polar-la-gamme-2026-et-les-probables-nouveautes\/embed\/#?secret=Mc4SpEPymP\" width=\"600\" height=\"338\" title=\"\u00ab\u00a0Polar: La gamme 2026 et les probables nouveaut\u00e9s\u00a0\u00bb &#8212; nakan.ch\" data-secret=\"Mc4SpEPymP\" frameborder=\"0\" marginwidth=\"0\" marginheight=\"0\" scrolling=\"no\" class=\"wp-embedded-content\"><\/iframe><script type=\"text\/javascript\">\n\/* <![CDATA[ *\/\n\/*! This file is auto-generated *\/\n!function(d,l){\"use strict\";l.querySelector&&d.addEventListener&&\"undefined\"!=typeof URL&&(d.wp=d.wp||{},d.wp.receiveEmbedMessage||(d.wp.receiveEmbedMessage=function(e){var t=e.data;if((t||t.secret||t.message||t.value)&&!\/[^a-zA-Z0-9]\/.test(t.secret)){for(var s,r,n,a=l.querySelectorAll('iframe[data-secret=\"'+t.secret+'\"]'),o=l.querySelectorAll('blockquote[data-secret=\"'+t.secret+'\"]'),c=new RegExp(\"^https?:$\",\"i\"),i=0;i<o.length;i++)o[i].style.display=\"none\";for(i=0;i<a.length;i++)s=a[i],e.source===s.contentWindow&&(s.removeAttribute(\"style\"),\"height\"===t.message?(1e3<(r=parseInt(t.value,10))?r=1e3:~~r<200&&(r=200),s.height=r):\"link\"===t.message&&(r=new URL(s.getAttribute(\"src\")),n=new URL(t.value),c.test(n.protocol))&&n.host===r.host&&l.activeElement===s&&(d.top.location.href=t.value))}},d.addEventListener(\"message\",d.wp.receiveEmbedMessage,!1),l.addEventListener(\"DOMContentLoaded\",function(){for(var e,t,s=l.querySelectorAll(\"iframe.wp-embedded-content\"),r=0;r<s.length;r++)(t=(e=s[r]).getAttribute(\"data-secret\"))||(t=Math.random().toString(36).substring(2,12),e.src+=\"#?secret=\"+t,e.setAttribute(\"data-secret\",t)),e.contentWindow.postMessage({message:\"ready\",secret:t},\"*\")},!1)))}(window,document);\n\/\/# sourceURL=https:\/\/www.nakan.ch\/wp\/wp-includes\/js\/wp-embed.min.js\n\/* ]]> *\/\n<\/script>\n","thumbnail_url":"https:\/\/www.nakan.ch\/wp\/wp-content\/uploads\/2026\/03\/polar_gamme_2026_cover_c8f8_thumb_web.jpg","thumbnail_width":780,"thumbnail_height":344,"description":"La course effr\u00e9n\u00e9e \u00e0 la sortie de nouveaux mod\u00e8le de montres tous les ans, ou m\u00eame plus rapidement, semble bien se jouer bien loin des inqui\u00e9tudes de Polar. La marque de Kempele n'en a pas moins r\u00e9ussi un joli coup en 2025 avec la sortie du Polar Loop. Ce bracelet connect\u00e9 a certes largement \u00e9clips\u00e9 la sortie de la seule montre Polar l'ann\u00e9e pass\u00e9e, mais elle a grill\u00e9 la politesse \u00e0 bien des acteurs, \u00e0 commencer par Garmin. Polar a ainsi \u00e9t\u00e9 parmi les premi\u00e8res marques \u00e0 proposer un objet connect\u00e9 sans \u00e9cran sur le march\u00e9 en concurrence frontale du Whoop, m\u00eame si le Loop n'est pas aujourd'hui au m\u00eame niveau fonctionnel. Peu d'actualit\u00e9s pour la marque en dehors de cela, avec toutefois une mise \u00e0 jour logicielle de ses montres actuelles en ce d\u00e9but 2026 qui laisse entendre que Polar ne va toutefois pas s'endormir et tenter de garder sa place sur le march\u00e9 des montres cardio GPS!"}

Polar: La gamme 2026 et les probables nouveautés

<blockquote class="wp-embedded-content" data-secret="Mc4SpEPymP"><a href="https://www.nakan.ch/wp/2026/03/12/polar-la-gamme-2026-et-les-probables-nouveautes/">Polar: La gamme 2026 et les probables nouveautés</a></blockquote><iframe sandbox="allow-scripts" security="restricted" src="https://www.nakan.ch/wp/2026/03/12/polar-la-gamme-2026-et-les-probables-nouveautes/embed/#?secret=Mc4SpEPymP" width="600" height="338" title="« Polar: La gamme 2026 et les probables nouveautés » &#8212; nakan.ch" data-secret="Mc4SpEPymP" frameborder="0" marginwidth="0" marginheight="0" scrolling="no" class="wp-embedded-content"></iframe><script type="text/javascript">
/* <![CDATA[ */
/*! This file is auto-generated */
!function(d,l){"use strict";l.querySelector&&d.addEventListener&&"undefined"!=typeof URL&&(d.wp=d.wp||{},d.wp.receiveEmbedMessage||(d.wp.receiveEmbedMessage=function(e){var t=e.data;if((t||t.secret||t.message||t.value)&&!/[^a-zA-Z0-9]/.test(t.secret)){for(var s,r,n,a=l.querySelectorAll('iframe[data-secret="'+t.secret+'"]'),o=l.querySelectorAll('blockquote[data-secret="'+t.secret+'"]'),c=new RegExp("^https?:$","i"),i=0;i<o.length;i++)o[i].style.display="none";for(i=0;i<a.length;i++)s=a[i],e.source===s.contentWindow&&(s.removeAttribute("style"),"height"===t.message?(1e3<(r=parseInt(t.value,10))?r=1e3:~~r<200&&(r=200),s.height=r):"link"===t.message&&(r=new URL(s.getAttribute("src")),n=new URL(t.value),c.test(n.protocol))&&n.host===r.host&&l.activeElement===s&&(d.top.location.href=t.value))}},d.addEventListener("message",d.wp.receiveEmbedMessage,!1),l.addEventListener("DOMContentLoaded",function(){for(var e,t,s=l.querySelectorAll("iframe.wp-embedded-content"),r=0;r<s.length;r++)(t=(e=s[r]).getAttribute("data-secret"))||(t=Math.random().toString(36).substring(2,12),e.src+="#?secret="+t,e.setAttribute("data-secret",t)),e.contentWindow.postMessage({message:"ready",secret:t},"*")},!1)))}(window,document);
//# sourceURL=https://www.nakan.ch/wp/wp-includes/js/wp-embed.min.js
/* ]]> */
</script>

La course effrénée à la sortie de nouveaux modèle de montres tous les ans, ou même plus rapidement, semble bien se jouer bien loin des inquiétudes de Polar. La marque de Kempele n'en a pas moins réussi un joli coup en 2025 avec la sortie du Polar Loop. Ce bracelet connecté a certes largement éclipsé la sortie de la seule montre Polar l'année passée, mais elle a grillé la politesse à bien des acteurs, à commencer par Garmin. Polar a ainsi été parmi les premières marques à proposer un objet connecté sans écran sur le marché en concurrence frontale du Whoop, même si le Loop n'est pas aujourd'hui au même niveau fonctionnel. Peu d'actualités pour la marque en dehors de cela, avec toutefois une mise à jour logicielle de ses montres actuelles en ce début 2026 qui laisse entendre que Polar ne va toutefois pas s'endormir et tenter de garder sa place sur le marché des montres cardio GPS!
